{"id":15604,"date":"2026-02-06T13:04:09","date_gmt":"2026-02-06T13:04:09","guid":{"rendered":"https:\/\/campolina.org.br\/novo\/?page_id=15604"},"modified":"2026-02-06T13:05:05","modified_gmt":"2026-02-06T13:05:05","slug":"planos-associados","status":"publish","type":"page","link":"https:\/\/campolina.org.br\/novo\/planos-associados\/","title":{"rendered":"Planos Associados"},"content":{"rendered":"<section class=\"associe-se\">\n<div class=\"row justify-content-center\">\n<div class=\"col-12\">\n<h1 class=\"titulo-smart\" style=\"text-align: center;\">Associe-se agora!<\/h1>\n<\/p><\/div>\n<\/p><\/div>\n<div class=\"row justify-content-center\">\n<div class=\"col-12\">\n<h3 style=\"text-align: center; color: #0b3c40;\">Fa\u00e7a parte da comunidade dos criadores de Campolina.<\/h3>\n<\/p><\/div>\n<\/p><\/div>\n<div class=\"row justify-content-center\">\n<div class=\"col-12 col-lg-4\">\n<div class=\"wrap-precos\">\n<h5><i class=\"fas fa-chess-knight\"><\/i>MASTER<\/h5>\n<p class=\"preco\">R$1800,00\/anual<\/p>\n<ul class=\"preco-list\">\n<li>Pode transferir animal<\/li>\n<li>Pode comunicar nascimento\/cobri\u00e7\u00e3o e TE<\/li>\n<li>Para quem possui mais de vinte animais<\/li>\n<li>D\u00e1 direito a voto e ao valor original de emolumentos<\/li>\n<li>N\u00e3o requer idade m\u00ednima<\/li>\n<\/ul>\n<p>                <a class=\"btn btn-success btn-1\" href=\"https:\/\/sistemas.gerenciarsistemas.com.br\/abcccampolina\/form.jsp?sys=CAM&#038;action=openform&#038;formID=464569360\" target=\"_blank\" rel=\"noopener\">Seja S\u00f3cio<\/a>\n            <\/div>\n<\/p><\/div>\n<div class=\"col-12 col-lg-4\">\n<div class=\"wrap-precos wrap-2\">\n<h5 class=\"wrap-tit\"><i class=\"fas fa-horse-head\"><\/i>S\u00caNIOR<\/h5>\n<p class=\"preco\">R$900,00\/anual<\/p>\n<ul class=\"preco-list\">\n<li>Pode transferir animal<\/li>\n<li>Pode comunicar nascimento\/cobri\u00e7\u00e3o e TE<\/li>\n<li>Para quem possui de seis a vinte animais<\/li>\n<li>D\u00e1 direito a voto e ao valor original de emolumentos<\/li>\n<li>N\u00e3o requer idade m\u00ednima<\/li>\n<\/ul>\n<p>                <a class=\"btn btn-success btn-2\" href=\"https:\/\/sistemas.gerenciarsistemas.com.br\/abcccampolina\/form.jsp?sys=CAM&#038;action=openform&#038;formID=464569360\" target=\"_blank\" rel=\"noopener\">Seja S\u00f3cio<\/a>\n            <\/div>\n<\/p><\/div>\n<\/p><\/div>\n<div class=\"row\">\n<div class=\"col-12 col-lg-4\">\n<div class=\"wrap-precos\">\n<h5><i class=\"fas fa-horse\"><\/i> PLENO<\/h5>\n<p class=\"preco\">R$400,00\/anual<\/p>\n<ul class=\"preco-list\">\n<li>Pode transferir animal<\/li>\n<li>Pode comunicar nascimento\/cobri\u00e7\u00e3o e TE<\/li>\n<li>Para quem possui de zero a cinco animais<\/li>\n<li>D\u00e1 direito a voto e ao valor original de emolumentos<\/li>\n<li>N\u00e3o requer idade m\u00ednima<\/li>\n<\/ul>\n<p>                <a class=\"btn btn-success btn-1\" href=\"https:\/\/sistemas.gerenciarsistemas.com.br\/abcccampolina\/form.jsp?sys=CAM&#038;action=openform&#038;formID=464569360\" target=\"_blank\" rel=\"noopener\">Seja S\u00f3cio<\/a>\n            <\/div>\n<\/p><\/div>\n<div class=\"col-12 col-lg-4\">\n<div class=\"wrap-precos wrap-2\">\n<h5 class=\"wrap-tit\"><i class=\"fas fa-user\"><\/i>S\u00d3CIO USU\u00c1RIO<\/h5>\n<p class=\"preco\">R$150,00\/anual<\/p>\n<ul class=\"preco-list\">\n<li>Pode transferir animal<\/li>\n<li>N\u00e3o pode comunicar nascimento\/cobri\u00e7\u00e3o, nem TE<\/li>\n<li>Sem limite de animais<\/li>\n<li>N\u00e3o d\u00e1 direito a voto. Paga-se o valor original de emolumentos<\/li>\n<li>N\u00e3o requer idade m\u00ednima<\/li>\n<\/ul>\n<p>                <a class=\"btn btn-success btn-2\" href=\"https:\/\/sistemas.gerenciarsistemas.com.br\/abcccampolina\/form.jsp?sys=CAM&#038;action=openform&#038;formID=464569360\" target=\"_blank\" rel=\"noopener\">Seja S\u00f3cio<\/a>\n            <\/div>\n<\/p><\/div>\n<div class=\"col-12 col-lg-4\">\n<div class=\"wrap-precos\">\n<h5><i class=\"fas fa-child-reaching\"><\/i>JOVEM<\/h5>\n<p class=\"preco\">Isento de Anuidade<\/p>\n<ul class=\"preco-list\">\n<li>Pode transferir animal<\/li>\n<li>Pode comunicar nascimento\/cobri\u00e7\u00e3o e TE<\/li>\n<li>Para quem possui de 0 a 5 animais<\/li>\n<li>N\u00e3o d\u00e1 direito a voto<\/li>\n<li>Valor 3x Emolumentos<\/li>\n<li>Idade m\u00e1xima 16 anos<\/li>\n<\/ul>\n<p>                <a class=\"btn btn-success btn-1\" href=\"https:\/\/sistemas.gerenciarsistemas.com.br\/abcccampolina\/form.jsp?sys=CAM&#038;action=openform&#038;formID=464569360\" target=\"_blank\" rel=\"noopener\">Seja S\u00f3cio<\/a>\n            <\/div>\n<\/p><\/div>\n<\/p><\/div>\n<\/section>\n","protected":false},"excerpt":{"rendered":"<p>Associe-se agora! Fa\u00e7a parte da comunidade dos criadores de Campolina. MASTER R$1800,00\/anual Pode transferir animal Pode comunicar nascimento\/cobri\u00e7\u00e3o e TE Para quem possui mais de vinte animais D\u00e1 direito a voto e ao valor original de emolumentos N\u00e3o requer idade m\u00ednima Seja S\u00f3cio S\u00caNIOR R$900,00\/anual Pode transferir animal Pode comunicar nascimento\/cobri\u00e7\u00e3o e TE Para quem&#8230;<\/p>\n","protected":false},"author":1,"featured_media":0,"parent":0,"menu_order":0,"comment_status":"closed","ping_status":"closed","template":"","meta":{"_kad_post_transparent":"default","_kad_post_title":"default","_kad_post_layout":"default","_kad_post_sidebar_id":"","_kad_post_content_style":"default","_kad_post_vertical_padding":"default","_kad_post_feature":"","_kad_post_feature_position":"","_kad_post_header":false,"_kad_post_footer":false,"_kad_post_classname":"","footnotes":""},"class_list":["post-15604","page","type-page","status-publish","hentry"],"_hostinger_reach_plugin_has_subscription_block":false,"_hostinger_reach_plugin_is_elementor":false,"_links":{"self":[{"href":"https:\/\/campolina.org.br\/novo\/wp-json\/wp\/v2\/pages\/15604","targetHints":{"allow":["GET"]}}],"collection":[{"href":"https:\/\/campolina.org.br\/novo\/wp-json\/wp\/v2\/pages"}],"about":[{"href":"https:\/\/campolina.org.br\/novo\/wp-json\/wp\/v2\/types\/page"}],"author":[{"embeddable":true,"href":"https:\/\/campolina.org.br\/novo\/wp-json\/wp\/v2\/users\/1"}],"replies":[{"embeddable":true,"href":"https:\/\/campolina.org.br\/novo\/wp-json\/wp\/v2\/comments?post=15604"}],"version-history":[{"count":2,"href":"https:\/\/campolina.org.br\/novo\/wp-json\/wp\/v2\/pages\/15604\/revisions"}],"predecessor-version":[{"id":15606,"href":"https:\/\/campolina.org.br\/novo\/wp-json\/wp\/v2\/pages\/15604\/revisions\/15606"}],"wp:attachment":[{"href":"https:\/\/campolina.org.br\/novo\/wp-json\/wp\/v2\/media?parent=15604"}],"curies":[{"name":"wp","href":"https:\/\/api.w.org\/{rel}","templated":true}]}}